{"id":5229,"date":"2026-04-08T14:05:50","date_gmt":"2026-04-08T14:05:50","guid":{"rendered":"https:\/\/kkrva.se\/bookstore\/?post_type=product&#038;p=5229"},"modified":"2026-04-16T22:28:39","modified_gmt":"2026-04-16T22:28:39","slug":"militarhistorisk-tidskrift-2025","status":"publish","type":"product","link":"https:\/\/kkrva.se\/bookstore\/produkt\/militarhistorisk-tidskrift-2025\/","title":{"rendered":"Milit\u00e4rhistorisk Tidskrift 2025"},"content":{"rendered":"<p class=\"font-claude-response-body break-words whitespace-normal leading-[1.7]\">\u00c5rets utg\u00e5va av Milit\u00e4rhistorisk Tidskrift sp\u00e4nner fr\u00e5n den gustavianska eran till andra v\u00e4rldskrigets kamikazepiloter \u2013 fyra artiklar belyser 1700-talets Sverige, och ett av bidragen \u00e4r skrivet av den nyligen bortg\u00e5ngne ekonomihistorikern Sven Fritz (1931\u20132025), vars forskning om Gustav III:s finansminister Johan Liljencrants h\u00f6r till hans sista verk.<\/p>\n<p class=\"font-claude-response-body break-words whitespace-normal leading-[1.7]\">Utg\u00e5van inneh\u00e5ller ocks\u00e5 recensioner av ny milit\u00e4rhistorisk litteratur.<\/p>\n<p class=\"font-claude-response-body break-words whitespace-normal leading-[1.7]\">En tidskrift f\u00f6r dig som vet att historien inte \u00e4r bak\u00e5tblickande \u2013 den \u00e4r v\u00e4gledande.<\/p>\n<p class=\"font-claude-response-body break-words whitespace-normal leading-[1.7]\">Redakt\u00f6r f\u00f6r denna utg\u00e5va \u00e4r <strong>Thomas Roth<\/strong>, tidigare 1:e intendent vid Arm\u00e9museum och ledamot av KKrVA.<\/p>\n<h2>Inneh\u00e5ll<\/h2>\n<h4>Tidskrift<\/h4>\n<p><strong>Inte bara ofr\u00e4lse mot adel och pr\u00e4ster<\/strong><em> av Oskar Brandt<\/em><br \/>\n<strong>Kamikaze \u2013 luftens samurajer! <\/strong><em>av H\u00e5kan Nilsson<\/em><\/p>\n<h4>Analys &amp; perspektiv<\/h4>\n<p><strong>\u00d6verrumplingen i Rostock 1807 \u2013 ett ok\u00e4nt historiekapitel.<\/strong> Sk\u00e5ningars och sm\u00e5l\u00e4nningars oblodiga seger i Rostock mot Napoleons arm\u00e9 och kringhistoria <em>av Sven Johansson<\/em><br \/>\n<strong>Karl XII \u2013 pionj\u00e4r inom milit\u00e4r logistik och f\u00f6rs\u00f6rjning<\/strong> <em>av Peter Lundgren<\/em><br \/>\n<strong>Vad h\u00e4nder vid konflikter \u2013 n\u00e4r man st\u00e5r mot man \u2013 inom de egna leden?<\/strong> Om relationen mellan C J Adlercreutz och G C von D\u00f6beln <em>av Elisabeth Goldstein<\/em><br \/>\n<strong>Vad kostade och hur finansierades det 1773\u20131787 upprustade svenska f\u00f6rsvaret?<\/strong> <em>av Sven Fritz\u2002<\/em>\u2020<br \/>\n<strong>Att finna ett motmedel. Kring luftv\u00e4rnsf\u00f6rs\u00f6ken i Karlsborg 1922<\/strong> <em>av Lars Ericson Wolke<\/em><\/p>\n<h4>Litteratur<\/h4>\n<p><strong>Standardverket om svensk luftmakt.<\/strong> En flyghistorisk kulturg\u00e4rning om luftstridskrafterna under kalla kriget <em>av Tommy Petersson<\/em><br \/>\n<strong>Finl\u00e4ndsk forskning om den tidiga stormaktstidens krigsmakt<\/strong> av <em>Lars Ericson Wolke &amp; Nils Erik Villstrand<\/em><br \/>\n<strong>Rask och de andra namnen<\/strong> <em>av Lars Ericson Wolke<\/em><\/p>\n","protected":false},"excerpt":{"rendered":"<p>Redakt\u00f6r Thomas Roth<\/p>\n<p>Utgiven 2025 av Kungl Krigsvetenskapsakademien i samarbete med F\u00f6rsvarsh\u00f6gskolan<br \/>\nISSN 0283-8400<\/p>\n<p>Mjukband<br \/>\nFormat 165*242 mm<br \/>\n108 sidor<\/p>\n","protected":false},"featured_media":5230,"template":"","meta":{"site-sidebar-layout":"default","site-content-layout":"","ast-site-content-layout":"default","site-content-style":"default","site-sidebar-style":"default","ast-global-header-display":"","ast-banner-title-visibility":"","ast-main-header-display":"","ast-hfb-above-header-display":"","ast-hfb-below-header-display":"","ast-hfb-mobile-header-display":"","site-post-title":"","ast-breadcrumbs-content":"","ast-featured-img":"","footer-sml-layout":"","ast-disable-related-posts":"","theme-transparent-header-meta":"default","adv-header-id-meta":"","stick-header-meta":"","header-above-stick-meta":"","header-main-stick-meta":"","header-below-stick-meta":"","astra-migrate-meta-layouts":"set","ast-page-background-enabled":"default","ast-page-background-meta":{"desktop":{"background-color":"var(--ast-global-color-5)","background-image":"","background-repeat":"repeat","background-position":"center center","background-size":"auto","background-attachment":"scroll","background-type":"","background-media":"","overlay-type":"","overlay-color":"","overlay-opacity":"","overlay-gradient":""},"tablet":{"background-color":"","background-image":"","background-repeat":"repeat","background-position":"center center","background-size":"auto","background-attachment":"scroll","background-type":"","background-media":"","overlay-type":"","overlay-color":"","overlay-opacity":"","overlay-gradient":""},"mobile":{"background-color":"","background-image":"","background-repeat":"repeat","background-position":"center center","background-size":"auto","background-attachment":"scroll","background-type":"","background-media":"","overlay-type":"","overlay-color":"","overlay-opacity":"","overlay-gradient":""}},"ast-content-background-meta":{"desktop":{"background-color":"var(--ast-global-color-4)","background-image":"","background-repeat":"repeat","background-position":"center center","background-size":"auto","background-attachment":"scroll","background-type":"","background-media":"","overlay-type":"","overlay-color":"","overlay-opacity":"","overlay-gradient":""},"tablet":{"background-color":"var(--ast-global-color-4)","background-image":"","background-repeat":"repeat","background-position":"center center","background-size":"auto","background-attachment":"scroll","background-type":"","background-media":"","overlay-type":"","overlay-color":"","overlay-opacity":"","overlay-gradient":""},"mobile":{"background-color":"var(--ast-global-color-4)","background-image":"","background-repeat":"repeat","background-position":"center center","background-size":"auto","background-attachment":"scroll","background-type":"","background-media":"","overlay-type":"","overlay-color":"","overlay-opacity":"","overlay-gradient":""}}},"product_brand":[],"product_cat":[29,30],"product_tag":[],"class_list":{"0":"post-5229","1":"product","2":"type-product","3":"status-publish","4":"has-post-thumbnail","6":"product_cat-militarhistorisk-tidskrift","7":"product_cat-tidskrifter","8":"product_shipping_class-latt","9":"desktop-align-center","10":"tablet-align-left","11":"mobile-align-left","13":"first","14":"instock","15":"taxable","16":"shipping-taxable","17":"purchasable","18":"product-type-simple"},"_links":{"self":[{"href":"https:\/\/kkrva.se\/bookstore\/wp-json\/wp\/v2\/product\/5229","targetHints":{"allow":["GET"]}}],"collection":[{"href":"https:\/\/kkrva.se\/bookstore\/wp-json\/wp\/v2\/product"}],"about":[{"href":"https:\/\/kkrva.se\/bookstore\/wp-json\/wp\/v2\/types\/product"}],"wp:featuredmedia":[{"embeddable":true,"href":"https:\/\/kkrva.se\/bookstore\/wp-json\/wp\/v2\/media\/5230"}],"wp:attachment":[{"href":"https:\/\/kkrva.se\/bookstore\/wp-json\/wp\/v2\/media?parent=5229"}],"wp:term":[{"taxonomy":"product_brand","embeddable":true,"href":"https:\/\/kkrva.se\/bookstore\/wp-json\/wp\/v2\/product_brand?post=5229"},{"taxonomy":"product_cat","embeddable":true,"href":"https:\/\/kkrva.se\/bookstore\/wp-json\/wp\/v2\/product_cat?post=5229"},{"taxonomy":"product_tag","embeddable":true,"href":"https:\/\/kkrva.se\/bookstore\/wp-json\/wp\/v2\/product_tag?post=5229"}],"curies":[{"name":"wp","href":"https:\/\/api.w.org\/{rel}","templated":true}]}}