{"id":4894,"date":"2025-12-31T14:21:55","date_gmt":"2025-12-31T14:21:55","guid":{"rendered":"https:\/\/kkrva.se\/bookstore\/?post_type=product&#038;p=4894"},"modified":"2026-04-28T10:01:58","modified_gmt":"2026-04-28T10:01:58","slug":"lars-wedin-havet-och-dess-strategi","status":"publish","type":"product","link":"https:\/\/kkrva.se\/bookstore\/produkt\/lars-wedin-havet-och-dess-strategi\/","title":{"rendered":"Lars Wedin : Havet och dess strategi"},"content":{"rendered":"<h1>Havet och dess strategi<br \/>\nav Lars Wedin<\/h1>\n<h3><\/h3>\n<h2>\u201dHavet \u00e4r v\u00e5r framtid\u201d<\/h2>\n<p>Havet formar klimatet och \u00e4r en k\u00e4lla till n\u00f6dv\u00e4ndiga resurser som energi och r\u00e5varor. S\u00e4kra sj\u00f6transporter \u00e4r n\u00f6dv\u00e4ndiga f\u00f6r ekonomin. Men havet \u00e4r b\u00e5de m\u00f6jligheter och faror. Det b\u00e4r p\u00e5 v\u00e4ldiga naturkrafter och pr\u00e4glas samtidigt av kampen om resurser och inflytande. Sverige, ett av v\u00e4rldens mest globaliserade l\u00e4nder, beh\u00f6ver d\u00e4rf\u00f6r en maritim strategi.<\/p>\n<p>Alla \u00d6stersj\u00f6l\u00e4nder \u00e4r beroende av s\u00e4kra sj\u00f6transporter fr\u00e5n och till Atlanten och Nordsj\u00f6n. D\u00e4rf\u00f6r b\u00f6r v\u00e5rt f\u00f6rsvar bygga p\u00e5 en stark marinstrategisk grund.<br \/>\nHavet och dess strategi utforskar samspelet mellan m\u00e4nniska och hav ur ett fysiskt, biologiskt, ekonomiskt, juridiskt och strategiskt perspektiv. Boken presenterar inte bara teorin \u2013 den visar ocks\u00e5 hur strid till sj\u00f6ss g\u00e5r till och beskriver hur en maritim och en marin strategi kan utformas.<\/p>\n<p><strong>I sitt f\u00f6rord skriver viceamiral Ewa Skoog Haslum, chef f\u00f6r F\u00f6rsvarsmaktens operationsledning:<\/strong><br \/>\nBoken \u00e4r inte bara en teoretisk redog\u00f6relse utan ocks\u00e5 ett bidrag till ett st\u00f6rre samtal: om ledarskap, teknikens roll i modern sj\u00f6strid, och om n\u00f6dv\u00e4ndigheten att \u00e5tervinna en maritim strategisk kultur i Sverige. I en tid av snabba teknologiska skiften, \u00f6kade s\u00e4kerhetskrav och global os\u00e4kerhet beh\u00f6ver vi t\u00e4nka nytt \u2013 men ocks\u00e5 minnas det vi en g\u00e5ng visste.<\/p>\n<p>Havets betydelse \u00e4r inte ett specialintresse. Det \u00e4r ett nationellt intresse. Och det \u00e4r f\u00f6rhoppningen att denna bok ska bidra till att fler ser, f\u00f6rst\u00e5r och engagerar sig i de fr\u00e5gor som r\u00f6r v\u00e5r framtid, civil s\u00e5v\u00e4l som milit\u00e4r.<\/p>\n<p>***<\/p>\n<p><strong>LARS WEDIN<\/strong> \u00e4r pensionerad kommend\u00f6r och utsedd till hedersdoktor vid F\u00f6rsvarsh\u00f6gskolan. Han har skrivit en l\u00e5ng rad b\u00f6cker om marin och milit\u00e4r strategi. Hans Marianne et Ath\u00e9na. La pens\u00e9e militaire fran\u00e7aise du dix-huiti\u00e8me si\u00e8cle \u00e0 nos jours (2011) bel\u00f6nades av franska Acad\u00e9mie des sciences morales et politiques 2012. Strategic Thoughts and Other Delusions (2019) uts\u00e5gs till kvartalets bok av The Naval Review 2024.<\/p>\n","protected":false},"excerpt":{"rendered":"<p>F\u00f6rfattare: Lars Wedin<\/p>\n<p>Utgiven 2025 av Kungl Krigsvetenskapsakademien<br \/>\nISBN: 978-91-88581-53-2 (tryckt)<br \/>\nISBN: 978-91-88581-54-9 (digital)<\/p>\n<p>Limbundet mjukband<br \/>\nFormat 150*220 mm<br \/>\n352 sidor<br \/>\nalt. pdf + epub (f\u00f6r eboksl\u00e4sare)<\/p>\n","protected":false},"featured_media":4897,"template":"","meta":{"site-sidebar-layout":"default","site-content-layout":"","ast-site-content-layout":"default","site-content-style":"default","site-sidebar-style":"default","ast-global-header-display":"","ast-banner-title-visibility":"","ast-main-header-display":"","ast-hfb-above-header-display":"","ast-hfb-below-header-display":"","ast-hfb-mobile-header-display":"","site-post-title":"","ast-breadcrumbs-content":"","ast-featured-img":"","footer-sml-layout":"","ast-disable-related-posts":"","theme-transparent-header-meta":"default","adv-header-id-meta":"","stick-header-meta":"","header-above-stick-meta":"","header-main-stick-meta":"","header-below-stick-meta":"","astra-migrate-meta-layouts":"set","ast-page-background-enabled":"default","ast-page-background-meta":{"desktop":{"background-color":"var(--ast-global-color-5)","background-image":"","background-repeat":"repeat","background-position":"center center","background-size":"auto","background-attachment":"scroll","background-type":"","background-media":"","overlay-type":"","overlay-color":"","overlay-opacity":"","overlay-gradient":""},"tablet":{"background-color":"","background-image":"","background-repeat":"repeat","background-position":"center center","background-size":"auto","background-attachment":"scroll","background-type":"","background-media":"","overlay-type":"","overlay-color":"","overlay-opacity":"","overlay-gradient":""},"mobile":{"background-color":"","background-image":"","background-repeat":"repeat","background-position":"center center","background-size":"auto","background-attachment":"scroll","background-type":"","background-media":"","overlay-type":"","overlay-color":"","overlay-opacity":"","overlay-gradient":""}},"ast-content-background-meta":{"desktop":{"background-color":"var(--ast-global-color-4)","background-image":"","background-repeat":"repeat","background-position":"center center","background-size":"auto","background-attachment":"scroll","background-type":"","background-media":"","overlay-type":"","overlay-color":"","overlay-opacity":"","overlay-gradient":""},"tablet":{"background-color":"var(--ast-global-color-4)","background-image":"","background-repeat":"repeat","background-position":"center center","background-size":"auto","background-attachment":"scroll","background-type":"","background-media":"","overlay-type":"","overlay-color":"","overlay-opacity":"","overlay-gradient":""},"mobile":{"background-color":"var(--ast-global-color-4)","background-image":"","background-repeat":"repeat","background-position":"center center","background-size":"auto","background-attachment":"scroll","background-type":"","background-media":"","overlay-type":"","overlay-color":"","overlay-opacity":"","overlay-gradient":""}}},"product_brand":[],"product_cat":[17,15],"product_tag":[],"class_list":{"0":"post-4894","1":"product","2":"type-product","3":"status-publish","4":"has-post-thumbnail","6":"product_cat-ebok","7":"product_cat-bocker","8":"product_shipping_class-tung","9":"desktop-align-center","10":"tablet-align-left","11":"mobile-align-left","13":"first","14":"instock","15":"taxable","16":"shipping-taxable","17":"purchasable","18":"product-type-variable"},"_links":{"self":[{"href":"https:\/\/kkrva.se\/bookstore\/wp-json\/wp\/v2\/product\/4894","targetHints":{"allow":["GET"]}}],"collection":[{"href":"https:\/\/kkrva.se\/bookstore\/wp-json\/wp\/v2\/product"}],"about":[{"href":"https:\/\/kkrva.se\/bookstore\/wp-json\/wp\/v2\/types\/product"}],"wp:featuredmedia":[{"embeddable":true,"href":"https:\/\/kkrva.se\/bookstore\/wp-json\/wp\/v2\/media\/4897"}],"wp:attachment":[{"href":"https:\/\/kkrva.se\/bookstore\/wp-json\/wp\/v2\/media?parent=4894"}],"wp:term":[{"taxonomy":"product_brand","embeddable":true,"href":"https:\/\/kkrva.se\/bookstore\/wp-json\/wp\/v2\/product_brand?post=4894"},{"taxonomy":"product_cat","embeddable":true,"href":"https:\/\/kkrva.se\/bookstore\/wp-json\/wp\/v2\/product_cat?post=4894"},{"taxonomy":"product_tag","embeddable":true,"href":"https:\/\/kkrva.se\/bookstore\/wp-json\/wp\/v2\/product_tag?post=4894"}],"curies":[{"name":"wp","href":"https:\/\/api.w.org\/{rel}","templated":true}]}}