{"id":4484,"date":"2024-08-13T11:20:55","date_gmt":"2024-08-13T11:20:55","guid":{"rendered":"https:\/\/kkrva.se\/bookstore\/?post_type=product&#038;p=4484"},"modified":"2025-12-31T13:39:15","modified_gmt":"2025-12-31T13:39:15","slug":"dronare-uas-teknik-och-formagor-dig","status":"publish","type":"product","link":"https:\/\/kkrva.se\/bookstore\/produkt\/dronare-uas-teknik-och-formagor-dig\/","title":{"rendered":"Dr\u00f6nare\/UAS \u2013 teknik och f\u00f6rm\u00e5gor"},"content":{"rendered":"<p>Dr\u00f6nare \u2013 <strong>flygfarkoster utan pilot ombord<\/strong> \u2013 har f\u00e5tt enorm uppm\u00e4rksamhet p\u00e5 senare \u00e5r. Snabb teknikutveckling har gett <strong>omfattande milit\u00e4r anv\u00e4ndning,<\/strong> men \u00e4ven civilt sker utveckling p\u00e5 bred front f\u00f6r exempelvis <strong>jord- och skogsbruk, \u00f6vervakning, efters\u00f6kning och transporter.<\/strong> Sverige har goda f\u00f6ruts\u00e4ttningar att inta en framskjuten position.<\/p>\n<p>Den nya boken <strong>Dr\u00f6nare\/UAS \u2013 teknik och f\u00f6rm\u00e5gor<\/strong> med Stig Rydell som huvudredakt\u00f6r och Mats Olofsson som redakt\u00f6r belyser dr\u00f6nare och UAS (Unmanned Aircraft System) med ambitionen att beskriva olika aspekter av utvecklingen. Boken, i vilket mer \u00e4n tjugo experter medverkar som f\u00f6rfattare, har m\u00f6jliggjorts genom v\u00e4lvilligt st\u00f6d fr\u00e5n Kungliga Patriotiska S\u00e4llskapet och K\u00e4llvikenstiftelsen.<\/p>\n","protected":false},"excerpt":{"rendered":"<p>Huvudredakt\u00f6r Stig Rydell<br \/>\nRedakt\u00f6r Mats Olofsson<\/p>\n<p>Utgiven 2023 av Kungl Krigsvetenskapsakademien<br \/>\nISBN 978-91-88581-36-5<\/p>\n<p>384 sidor<\/p>\n<p><span style=\"color: #ff0000;\"><strong>Pdf-version<\/strong><\/span>\u00a0kan laddas ned\u00a0<strong>kostnadsfritt<\/strong>\u00a0p\u00e5\u00a0<a href=\"https:\/\/kkrva.se\/dronare-uas-teknik-och-formagor\/\" target=\"_blank\" rel=\"noopener\">akademiens hemsida \u00bb<\/a><\/p>\n<p>Den tryckta utg\u00e5van \u00e4r sluts\u00e5ld.<\/p>\n","protected":false},"featured_media":3496,"template":"","meta":{"site-sidebar-layout":"default","site-content-layout":"","ast-site-content-layout":"default","site-content-style":"default","site-sidebar-style":"default","ast-global-header-display":"","ast-banner-title-visibility":"","ast-main-header-display":"","ast-hfb-above-header-display":"","ast-hfb-below-header-display":"","ast-hfb-mobile-header-display":"","site-post-title":"","ast-breadcrumbs-content":"","ast-featured-img":"","footer-sml-layout":"","ast-disable-related-posts":"","theme-transparent-header-meta":"","adv-header-id-meta":"","stick-header-meta":"","header-above-stick-meta":"","header-main-stick-meta":"","header-below-stick-meta":"","astra-migrate-meta-layouts":"default","ast-page-background-enabled":"default","ast-page-background-meta":{"desktop":{"background-color":"var(--ast-global-color-5)","background-image":"","background-repeat":"repeat","background-position":"center center","background-size":"auto","background-attachment":"scroll","background-type":"","background-media":"","overlay-type":"","overlay-color":"","overlay-opacity":"","overlay-gradient":""},"tablet":{"background-color":"","background-image":"","background-repeat":"repeat","background-position":"center center","background-size":"auto","background-attachment":"scroll","background-type":"","background-media":"","overlay-type":"","overlay-color":"","overlay-opacity":"","overlay-gradient":""},"mobile":{"background-color":"","background-image":"","background-repeat":"repeat","background-position":"center center","background-size":"auto","background-attachment":"scroll","background-type":"","background-media":"","overlay-type":"","overlay-color":"","overlay-opacity":"","overlay-gradient":""}},"ast-content-background-meta":{"desktop":{"background-color":"var(--ast-global-color-4)","background-image":"","background-repeat":"repeat","background-position":"center center","background-size":"auto","background-attachment":"scroll","background-type":"","background-media":"","overlay-type":"","overlay-color":"","overlay-opacity":"","overlay-gradient":""},"tablet":{"background-color":"var(--ast-global-color-4)","background-image":"","background-repeat":"repeat","background-position":"center center","background-size":"auto","background-attachment":"scroll","background-type":"","background-media":"","overlay-type":"","overlay-color":"","overlay-opacity":"","overlay-gradient":""},"mobile":{"background-color":"var(--ast-global-color-4)","background-image":"","background-repeat":"repeat","background-position":"center center","background-size":"auto","background-attachment":"scroll","background-type":"","background-media":"","overlay-type":"","overlay-color":"","overlay-opacity":"","overlay-gradient":""}}},"product_brand":[],"product_cat":[18],"product_tag":[],"class_list":{"0":"post-4484","1":"product","2":"type-product","3":"status-publish","4":"has-post-thumbnail","6":"product_cat-fri-nedladdning","7":"desktop-align-center","8":"tablet-align-left","9":"mobile-align-left","11":"first","12":"instock","13":"virtual","14":"sold-individually","15":"taxable","16":"product-type-simple"},"_links":{"self":[{"href":"https:\/\/kkrva.se\/bookstore\/wp-json\/wp\/v2\/product\/4484","targetHints":{"allow":["GET"]}}],"collection":[{"href":"https:\/\/kkrva.se\/bookstore\/wp-json\/wp\/v2\/product"}],"about":[{"href":"https:\/\/kkrva.se\/bookstore\/wp-json\/wp\/v2\/types\/product"}],"wp:featuredmedia":[{"embeddable":true,"href":"https:\/\/kkrva.se\/bookstore\/wp-json\/wp\/v2\/media\/3496"}],"wp:attachment":[{"href":"https:\/\/kkrva.se\/bookstore\/wp-json\/wp\/v2\/media?parent=4484"}],"wp:term":[{"taxonomy":"product_brand","embeddable":true,"href":"https:\/\/kkrva.se\/bookstore\/wp-json\/wp\/v2\/product_brand?post=4484"},{"taxonomy":"product_cat","embeddable":true,"href":"https:\/\/kkrva.se\/bookstore\/wp-json\/wp\/v2\/product_cat?post=4484"},{"taxonomy":"product_tag","embeddable":true,"href":"https:\/\/kkrva.se\/bookstore\/wp-json\/wp\/v2\/product_tag?post=4484"}],"curies":[{"name":"wp","href":"https:\/\/api.w.org\/{rel}","templated":true}]}}