{"id":3249,"date":"2022-09-28T08:09:24","date_gmt":"2022-09-28T08:09:24","guid":{"rendered":"https:\/\/kkrva.se\/bookstore\/?post_type=product&#038;p=3249"},"modified":"2025-12-31T13:39:54","modified_gmt":"2025-12-31T13:39:54","slug":"cyberforsvaret-en-introduktion","status":"publish","type":"product","link":"https:\/\/kkrva.se\/bookstore\/produkt\/cyberforsvaret-en-introduktion\/","title":{"rendered":"Cyberf\u00f6rsvaret \u2013 en introduktion"},"content":{"rendered":"<h3>SES Delprojekt Cyber<\/h3>\n<p>Skriften har tagits fram inom ramen f\u00f6r Kungl Krigsvetenskapsakademiens projekt SES, S\u00e4kerhet i morgondagens Europa \u2013 svenska perspektiv. Ledamoten Johan Wiktorin har varit redakt\u00f6r.<\/p>\n<p>Den allt snabbare utvecklingen inom informations- och kommunikationsteknologin har inneburit svindlande framsteg, men ocks\u00e5 allt st\u00f6rre s\u00e5rbarheter genom koncentration och beroende av samh\u00e4llets information och informationssystem.<\/p>\n<p>Staterna har inte varit sena att utforska och anv\u00e4nda olika verktyg f\u00f6r att uppn\u00e5 politiska, ekonomiska och milit\u00e4ra f\u00f6rdelar, b\u00e5de i fredstid och i v\u00e4pnade konflikter.<\/p>\n<p>Denna skrift om Cyberf\u00f6rsvaret \u00e4r Kungl Krigsvetenskapsakademins f\u00f6rs\u00f6k att bidra till en svensk teoribyggnad och inventering av de f\u00f6ruts\u00e4ttningar som kr\u00e4vs inom omr\u00e5det, f\u00f6r att vi tillsammans med andra ska kunna f\u00f6rsvara v\u00e5rt styrelseskick och befolkningens liv och h\u00e4lsa i en allt mer konkurrensutsatt v\u00e4rld.<\/p>\n<p>Projektet <em>S\u00e4kerhetspolitik i morgondagens Europa \u2013 svenska perspektiv <\/em>har ekonomiskt v\u00e4lvilligt st\u00f6ttats av Marianne och Marcus Wallenbergs stiftelse, utan vars bidrag arbetet inte varit m\u00f6jligt.<\/p>\n<p><a href=\"https:\/\/kkrva.se\/ses\/\" target=\"_blank\" rel=\"noopener\"><img loading=\"lazy\" decoding=\"async\" class=\"alignnone wp-image-2304 size-medium\" src=\"https:\/\/kkrva.se\/bookstore\/wp-content\/uploads\/2021\/06\/SES-logo-genomskinlig-300x86.png\" alt=\"SES Logo Genomskinlig 300x86\" width=\"300\" height=\"86\" title=\"Cyberf\u00f6rsvaret \u2013 en introduktion\" srcset=\"https:\/\/kkrva.se\/bookstore\/wp-content\/uploads\/2021\/06\/SES-logo-genomskinlig-300x86.png 300w, https:\/\/kkrva.se\/bookstore\/wp-content\/uploads\/2021\/06\/SES-logo-genomskinlig-600x171.png 600w, https:\/\/kkrva.se\/bookstore\/wp-content\/uploads\/2021\/06\/SES-logo-genomskinlig-1024x292.png 1024w, https:\/\/kkrva.se\/bookstore\/wp-content\/uploads\/2021\/06\/SES-logo-genomskinlig-768x219.png 768w, https:\/\/kkrva.se\/bookstore\/wp-content\/uploads\/2021\/06\/SES-logo-genomskinlig-1536x438.png 1536w, https:\/\/kkrva.se\/bookstore\/wp-content\/uploads\/2021\/06\/SES-logo-genomskinlig-231x66.png 231w, https:\/\/kkrva.se\/bookstore\/wp-content\/uploads\/2021\/06\/SES-logo-genomskinlig-438x125.png 438w, https:\/\/kkrva.se\/bookstore\/wp-content\/uploads\/2021\/06\/SES-logo-genomskinlig.png 2000w\" sizes=\"auto, (max-width: 300px) 100vw, 300px\" \/><\/a><\/p>\n","protected":false},"excerpt":{"rendered":"<p>Redakt\u00f6r Johan Wiktorin<\/p>\n<p>Utgiven 2022 av Kungl Krigsvetenskapsakademien<br \/>\nISBN 978-91-88581-33-4<br \/>\n978-91-88581-34-1 (pdf)<\/p>\n<p>Mjukband<br \/>\nFormat 150*220 mm<br \/>\n200 sidor<\/p>\n<p><span style=\"color: #ff0000;\"><strong>Pdf-version<\/strong><\/span>\u00a0kan laddas ned\u00a0<strong>kostnadsfritt<\/strong>\u00a0p\u00e5\u00a0<a href=\"https:\/\/kkrva.se\/category\/fri-nedladdning\/\" target=\"_blank\" rel=\"noopener\">akademiens hemsida \u00bb<\/a><\/p>\n","protected":false},"featured_media":3250,"template":"","meta":{"site-sidebar-layout":"default","site-content-layout":"","ast-site-content-layout":"default","site-content-style":"default","site-sidebar-style":"default","ast-global-header-display":"","ast-banner-title-visibility":"","ast-main-header-display":"","ast-hfb-above-header-display":"","ast-hfb-below-header-display":"","ast-hfb-mobile-header-display":"","site-post-title":"","ast-breadcrumbs-content":"","ast-featured-img":"","footer-sml-layout":"","ast-disable-related-posts":"","theme-transparent-header-meta":"default","adv-header-id-meta":"","stick-header-meta":"","header-above-stick-meta":"","header-main-stick-meta":"","header-below-stick-meta":"","astra-migrate-meta-layouts":"set","ast-page-background-enabled":"default","ast-page-background-meta":{"desktop":{"background-color":"var(--ast-global-color-5)","background-image":"","background-repeat":"repeat","background-position":"center center","background-size":"auto","background-attachment":"scroll","background-type":"","background-media":"","overlay-type":"","overlay-color":"","overlay-opacity":"","overlay-gradient":""},"tablet":{"background-color":"","background-image":"","background-repeat":"repeat","background-position":"center center","background-size":"auto","background-attachment":"scroll","background-type":"","background-media":"","overlay-type":"","overlay-color":"","overlay-opacity":"","overlay-gradient":""},"mobile":{"background-color":"","background-image":"","background-repeat":"repeat","background-position":"center center","background-size":"auto","background-attachment":"scroll","background-type":"","background-media":"","overlay-type":"","overlay-color":"","overlay-opacity":"","overlay-gradient":""}},"ast-content-background-meta":{"desktop":{"background-color":"var(--ast-global-color-4)","background-image":"","background-repeat":"repeat","background-position":"center center","background-size":"auto","background-attachment":"scroll","background-type":"","background-media":"","overlay-type":"","overlay-color":"","overlay-opacity":"","overlay-gradient":""},"tablet":{"background-color":"var(--ast-global-color-4)","background-image":"","background-repeat":"repeat","background-position":"center center","background-size":"auto","background-attachment":"scroll","background-type":"","background-media":"","overlay-type":"","overlay-color":"","overlay-opacity":"","overlay-gradient":""},"mobile":{"background-color":"var(--ast-global-color-4)","background-image":"","background-repeat":"repeat","background-position":"center center","background-size":"auto","background-attachment":"scroll","background-type":"","background-media":"","overlay-type":"","overlay-color":"","overlay-opacity":"","overlay-gradient":""}}},"product_brand":[],"product_cat":[18,32],"product_tag":[],"class_list":{"0":"post-3249","1":"product","2":"type-product","3":"status-publish","4":"has-post-thumbnail","6":"product_cat-fri-nedladdning","7":"product_cat-ses-projektet","8":"desktop-align-center","9":"tablet-align-left","10":"mobile-align-left","12":"first","13":"instock","14":"virtual","15":"taxable","16":"product-type-simple"},"_links":{"self":[{"href":"https:\/\/kkrva.se\/bookstore\/wp-json\/wp\/v2\/product\/3249","targetHints":{"allow":["GET"]}}],"collection":[{"href":"https:\/\/kkrva.se\/bookstore\/wp-json\/wp\/v2\/product"}],"about":[{"href":"https:\/\/kkrva.se\/bookstore\/wp-json\/wp\/v2\/types\/product"}],"wp:featuredmedia":[{"embeddable":true,"href":"https:\/\/kkrva.se\/bookstore\/wp-json\/wp\/v2\/media\/3250"}],"wp:attachment":[{"href":"https:\/\/kkrva.se\/bookstore\/wp-json\/wp\/v2\/media?parent=3249"}],"wp:term":[{"taxonomy":"product_brand","embeddable":true,"href":"https:\/\/kkrva.se\/bookstore\/wp-json\/wp\/v2\/product_brand?post=3249"},{"taxonomy":"product_cat","embeddable":true,"href":"https:\/\/kkrva.se\/bookstore\/wp-json\/wp\/v2\/product_cat?post=3249"},{"taxonomy":"product_tag","embeddable":true,"href":"https:\/\/kkrva.se\/bookstore\/wp-json\/wp\/v2\/product_tag?post=3249"}],"curies":[{"name":"wp","href":"https:\/\/api.w.org\/{rel}","templated":true}]}}