{"id":3129,"date":"2022-06-20T10:23:28","date_gmt":"2022-06-20T10:23:28","guid":{"rendered":"https:\/\/kkrva.se\/bookstore\/?post_type=product&#038;p=3129"},"modified":"2025-12-31T13:40:12","modified_gmt":"2025-12-31T13:40:12","slug":"varderingsforandringar-i-ett-europaperspektiv-hot-mot-var-sakerhet","status":"publish","type":"product","link":"https:\/\/kkrva.se\/bookstore\/produkt\/varderingsforandringar-i-ett-europaperspektiv-hot-mot-var-sakerhet\/","title":{"rendered":"V\u00e4rderings&shy;f\u00f6r\u00e4ndringar i ett Europa&shy;perspektiv \u2013 hot mot v\u00e5r s\u00e4kerhet?"},"content":{"rendered":"<h3>V\u00e4rderingsf\u00f6r\u00e4ndringar i ett Europaperspektiv \u2013 hot mot v\u00e5r s\u00e4kerhet?<\/h3>\n<p>Kungl Krigsvetenskapsakademiens huvudprojektet SES \u2013 S\u00e4kerhet i morgondagens Europa \u2013 svenska perspektiv \u2013 syftar till att belysa olika s\u00e4kerhetspolitiska aspekter av utvecklingen i Europa. Denna antologi utg\u00f6r den andra antologin inom underprojekt V\u00e4rderingsf\u00f6r\u00e4ndringar som bedrivits inom SES-projektets ram.<\/p>\n<p>Underprojektet, som bedrivs inom Akademiens avdelning V, belyser s\u00e5dana v\u00e4rderingsf\u00f6r\u00e4ndringar i ett europeiskt perspektiv vilka kan f\u00e5 politiska \u2013 och s\u00e4rskilt s\u00e4kerhetspolitiska \u2013 \u00e5terverkningar p\u00e5 sammanh\u00e5llning och stabilitet i EU och Nato. Rysslands anfall mot Ukraina har satt de ideologiska m\u00f6nstren och \u2013 inte minst \u2013 de utrerade\u00a0p\u00e5verkansformer Ryssland utvecklat mot det \u00f6vriga Europa, i fokus p\u00e5 debatten.<\/p>\n<p>Texterna i denna antologi ger en blixtbelysning av dessa aspekter och av den allvarliga konflikt Europa nu st\u00e5r inf\u00f6r och s\u00f6ker belysa dessa fr\u00e5gor med hj\u00e4lp av forskare och andra sakkunniga inom och utom Akademien. Antologin inriktar sig p\u00e5 ideologiska, historiska, r\u00e4ttsliga, statsvetenskapliga och mediepolitiska fr\u00e5gor samt vissa typer av p\u00e5verkansinriktade hot. Alla fr\u00e5gest\u00e4llningarna i antologin har b\u00e4ring p\u00e5 v\u00e4rderingsf\u00f6r\u00e4ndringar som i olika former och intensitet kan hota fr\u00e4mst EU:s sammanh\u00e5llning, men inte minst ge en hotfull v\u00e4rderingsm\u00e4ssig relief \u00e5t det krig som Ryssland startat i Ukraina.<\/p>\n<p>Medverkande i antologin \u00e4r f\u00f6rutom redakt\u00f6ren <strong>Bj\u00f6rn K\u00f6rlof<\/strong>, Krigsvetenskapsakademien; journalisten <strong>Erik Fichtelius<\/strong> f d chef f\u00f6r SR:s EKO-redaktion; professor <strong>\u00c5sa Wikforss<\/strong>, Stockholms universitet; Professor <strong>Patricia Mindus<\/strong>, Uppsala universitet samt docent <strong>Claes Wallenius<\/strong>, F\u00f6rsvarsh\u00f6gskolan.<\/p>\n<p>Antologin inleds med ett f\u00f6rord av Akademiens styresman, f\u00f6rre f\u00f6rsvarsministern och talmannen, <strong>Bj\u00f6rn von Sydow<\/strong>.<\/p>\n<p><a href=\"https:\/\/kkrva.se\/ses\/\" target=\"_blank\" rel=\"noopener\"><img loading=\"lazy\" decoding=\"async\" class=\"alignnone wp-image-2304 size-medium\" src=\"https:\/\/kkrva.se\/bookstore\/wp-content\/uploads\/2021\/06\/SES-logo-genomskinlig-300x86.png\" alt=\"SES Logo Genomskinlig 300x86\" width=\"300\" height=\"86\" title=\"V\u00e4rderings&shy;f\u00f6r\u00e4ndringar i ett Europa&shy;perspektiv \u2013 hot mot v\u00e5r s\u00e4kerhet?\" srcset=\"https:\/\/kkrva.se\/bookstore\/wp-content\/uploads\/2021\/06\/SES-logo-genomskinlig-300x86.png 300w, https:\/\/kkrva.se\/bookstore\/wp-content\/uploads\/2021\/06\/SES-logo-genomskinlig-600x171.png 600w, https:\/\/kkrva.se\/bookstore\/wp-content\/uploads\/2021\/06\/SES-logo-genomskinlig-1024x292.png 1024w, https:\/\/kkrva.se\/bookstore\/wp-content\/uploads\/2021\/06\/SES-logo-genomskinlig-768x219.png 768w, https:\/\/kkrva.se\/bookstore\/wp-content\/uploads\/2021\/06\/SES-logo-genomskinlig-1536x438.png 1536w, https:\/\/kkrva.se\/bookstore\/wp-content\/uploads\/2021\/06\/SES-logo-genomskinlig-231x66.png 231w, https:\/\/kkrva.se\/bookstore\/wp-content\/uploads\/2021\/06\/SES-logo-genomskinlig-438x125.png 438w, https:\/\/kkrva.se\/bookstore\/wp-content\/uploads\/2021\/06\/SES-logo-genomskinlig.png 2000w\" sizes=\"auto, (max-width: 300px) 100vw, 300px\" \/><\/a><\/p>\n","protected":false},"excerpt":{"rendered":"<p>Redakt\u00f6rer Bj\u00f6rn K\u00f6rlof<\/p>\n<p>Utgiven 2022 av Kungl Krigsvetenskapsakademien<br \/>\nISBN 978-91-88581-29-7<br \/>\n978-91-88581-30-3 (pdf)<\/p>\n<p>Mjukband<br \/>\nFormat 150*220 mm<br \/>\n152 sidor<\/p>\n<p><span style=\"color: #ff0000;\"><strong>Pdf-version<\/strong><\/span>\u00a0kan laddas ned\u00a0<strong>kostnadsfritt<\/strong>\u00a0p\u00e5\u00a0<a href=\"https:\/\/wp.me\/p2ERDK-72M\" target=\"_blank\" rel=\"noopener\">akademiens hemsida \u00bb<\/a><\/p>\n","protected":false},"featured_media":3130,"template":"","meta":{"site-sidebar-layout":"default","site-content-layout":"","ast-site-content-layout":"default","site-content-style":"default","site-sidebar-style":"default","ast-global-header-display":"","ast-banner-title-visibility":"","ast-main-header-display":"","ast-hfb-above-header-display":"","ast-hfb-below-header-display":"","ast-hfb-mobile-header-display":"","site-post-title":"","ast-breadcrumbs-content":"","ast-featured-img":"","footer-sml-layout":"","ast-disable-related-posts":"","theme-transparent-header-meta":"default","adv-header-id-meta":"","stick-header-meta":"","header-above-stick-meta":"","header-main-stick-meta":"","header-below-stick-meta":"","astra-migrate-meta-layouts":"set","ast-page-background-enabled":"default","ast-page-background-meta":{"desktop":{"background-color":"var(--ast-global-color-5)","background-image":"","background-repeat":"repeat","background-position":"center center","background-size":"auto","background-attachment":"scroll","background-type":"","background-media":"","overlay-type":"","overlay-color":"","overlay-opacity":"","overlay-gradient":""},"tablet":{"background-color":"","background-image":"","background-repeat":"repeat","background-position":"center center","background-size":"auto","background-attachment":"scroll","background-type":"","background-media":"","overlay-type":"","overlay-color":"","overlay-opacity":"","overlay-gradient":""},"mobile":{"background-color":"","background-image":"","background-repeat":"repeat","background-position":"center center","background-size":"auto","background-attachment":"scroll","background-type":"","background-media":"","overlay-type":"","overlay-color":"","overlay-opacity":"","overlay-gradient":""}},"ast-content-background-meta":{"desktop":{"background-color":"var(--ast-global-color-4)","background-image":"","background-repeat":"repeat","background-position":"center center","background-size":"auto","background-attachment":"scroll","background-type":"","background-media":"","overlay-type":"","overlay-color":"","overlay-opacity":"","overlay-gradient":""},"tablet":{"background-color":"var(--ast-global-color-4)","background-image":"","background-repeat":"repeat","background-position":"center center","background-size":"auto","background-attachment":"scroll","background-type":"","background-media":"","overlay-type":"","overlay-color":"","overlay-opacity":"","overlay-gradient":""},"mobile":{"background-color":"var(--ast-global-color-4)","background-image":"","background-repeat":"repeat","background-position":"center center","background-size":"auto","background-attachment":"scroll","background-type":"","background-media":"","overlay-type":"","overlay-color":"","overlay-opacity":"","overlay-gradient":""}}},"product_brand":[],"product_cat":[18,32],"product_tag":[],"class_list":{"0":"post-3129","1":"product","2":"type-product","3":"status-publish","4":"has-post-thumbnail","6":"product_cat-fri-nedladdning","7":"product_cat-ses-projektet","8":"desktop-align-center","9":"tablet-align-left","10":"mobile-align-left","12":"first","13":"instock","14":"virtual","15":"taxable","16":"product-type-simple"},"_links":{"self":[{"href":"https:\/\/kkrva.se\/bookstore\/wp-json\/wp\/v2\/product\/3129","targetHints":{"allow":["GET"]}}],"collection":[{"href":"https:\/\/kkrva.se\/bookstore\/wp-json\/wp\/v2\/product"}],"about":[{"href":"https:\/\/kkrva.se\/bookstore\/wp-json\/wp\/v2\/types\/product"}],"wp:featuredmedia":[{"embeddable":true,"href":"https:\/\/kkrva.se\/bookstore\/wp-json\/wp\/v2\/media\/3130"}],"wp:attachment":[{"href":"https:\/\/kkrva.se\/bookstore\/wp-json\/wp\/v2\/media?parent=3129"}],"wp:term":[{"taxonomy":"product_brand","embeddable":true,"href":"https:\/\/kkrva.se\/bookstore\/wp-json\/wp\/v2\/product_brand?post=3129"},{"taxonomy":"product_cat","embeddable":true,"href":"https:\/\/kkrva.se\/bookstore\/wp-json\/wp\/v2\/product_cat?post=3129"},{"taxonomy":"product_tag","embeddable":true,"href":"https:\/\/kkrva.se\/bookstore\/wp-json\/wp\/v2\/product_tag?post=3129"}],"curies":[{"name":"wp","href":"https:\/\/api.w.org\/{rel}","templated":true}]}}