{"id":1031,"date":"2020-04-07T10:54:00","date_gmt":"2020-04-07T10:54:00","guid":{"rendered":"https:\/\/kkrva.se\/bookstore\/?post_type=product&#038;p=1031"},"modified":"2026-04-10T13:08:32","modified_gmt":"2026-04-10T13:08:32","slug":"militarhistorisk-tidskrift","status":"publish","type":"product","link":"https:\/\/kkrva.se\/bookstore\/produkt\/militarhistorisk-tidskrift\/","title":{"rendered":"Milit\u00e4rhistorisk Tidskrift 2019"},"content":{"rendered":"<h4>Milit\u00e4rhistorisk Tidskrift<\/h4>\n<p>Milit\u00e4rhistorisk Tidskrift, 2019 \u00e5rs upplaga har nu utkommit. Den ges numera ut av Kungl Krigsvetenskapsakademien i samarbete med F\u00f6rsvarsh\u00f6gskolan. Ny redakt\u00f6r f\u00f6r tidskriften \u00e4r akademiledamoten Bj\u00f6rn K\u00f6rlof. Detta \u00e5rs upplaga inneh\u00e5ller fem st\u00f6rre artiklar och tre bokrecensioner.<\/p>\n<p>Artiklarna sp\u00e4nner \u00f6ver flera intressanta milit\u00e4rhistoriska \u00e4mnen i tid och rum. Den f\u00f6rsta handlar om milit\u00e4rgymnastikens utveckling i ett intressant skede d\u00e4r f\u00e4ktningskonst f\u00f6rst var v\u00e4sentliga inslag men sm\u00e5ningom kom att utvecklas till gymnastik i exercism\u00e4ssig form under inverkan av bl\u00a0a Ling och d\u00e4refter p\u00e5 civil sida utvecklades till Gymnastiska Centralinstitutet.<\/p>\n<p>Den andra artikeln skildrar de f\u00f6rsta f\u00f6rs\u00f6ken till ryskt spionage mot Bodens f\u00e4stning under inledningen till F\u00f6rsta v\u00e4rldskriget. En dansk artilleriofficer kunde sm\u00e5ningom gripas och lagf\u00f6ras efter olika f\u00f6rs\u00f6k att vilseleda bef\u00e4stningspolisen och den ordinarie polisen.<\/p>\n<p>En l\u00e4ngre artikel ger en intr\u00e4ngande skildring av svensk milit\u00e4r regional ledning i ett l\u00e5ngt tidsperspektiv och ger viktig kunskap om territoriell ledning och operativ krigsplanl\u00e4ggning under skiftande milit\u00e4rpolitiska f\u00f6rh\u00e5llanden under 1800-talet och 1900-talet.<\/p>\n<p>Den fj\u00e4rde artikeln belyser hur viktigt underlag r\u00f6rande s\u00e4kerhetspolitik och milit\u00e4ra f\u00f6rh\u00e5llanden i \u00d6stersj\u00f6omr\u00e5det rapporterades in av milit\u00e4rattach\u00e9erna i skedet efter F\u00f6rsta v\u00e4rldskriget 1919\u20131925.<\/p>\n<p>Artikelserien avslutas med en gedigen redovisning av den svenska f\u00e4ltm\u00e4tningsk\u00e5rens framv\u00e4xt och hur denna k\u00e5r kom att utnyttjas under krigen mot Ryssland och Danmark\/Norge i b\u00f6rjan av 1800-talet.<\/p>\n<p>Professorn i milit\u00e4rhistoria vid F\u00f6rsvarsh\u00f6gskolan Lars Eric Wolke recenserar tre b\u00f6cker. Den f\u00f6rsta handlar om danskt f\u00f6rsvar p\u00e5 1920-talet efter F\u00f6rsta v\u00e4rldskriget. Den andra handlar om den roll snapphanarna spelade i kriget mellan Sverige och Danmark 1643\u20131645 och den tredje slutligen recenserar en bok med en intressant studie av Napoleons milit\u00e4rteoretiska t\u00e4nkande.<\/p>\n","protected":false},"excerpt":{"rendered":"<p>redakt\u00f6r Bj\u00f6rn K\u00f6rlof<\/p>\n<p>Utgiven 2020 av Kungl Krigsvetenskapsakademien i samarbete med F\u00f6rsvarsh\u00f6gskolan<br \/>\nISSN 0283-8400<\/p>\n<p>Mjukband<br \/>\nFormat 165*242 mm<br \/>\n108 sidor<\/p>\n<p><span style=\"color: #ff0000;\"><strong>Pdf-version<\/strong><\/span>\u00a0kan laddas ned\u00a0<strong>kostnadsfritt<\/strong>\u00a0p\u00e5\u00a0<a href=\"https:\/\/wp.me\/p2ERDK-5fj\" target=\"_blank\" rel=\"noopener\">akademiens hemsida \u00bb<\/a><\/p>\n","protected":false},"featured_media":1032,"template":"","meta":{"site-sidebar-layout":"default","site-content-layout":"","ast-site-content-layout":"default","site-content-style":"default","site-sidebar-style":"default","ast-global-header-display":"","ast-banner-title-visibility":"","ast-main-header-display":"","ast-hfb-above-header-display":"","ast-hfb-below-header-display":"","ast-hfb-mobile-header-display":"","site-post-title":"","ast-breadcrumbs-content":"","ast-featured-img":"","footer-sml-layout":"","ast-disable-related-posts":"","theme-transparent-header-meta":"default","adv-header-id-meta":"","stick-header-meta":"","header-above-stick-meta":"","header-main-stick-meta":"","header-below-stick-meta":"","astra-migrate-meta-layouts":"set","ast-page-background-enabled":"default","ast-page-background-meta":{"desktop":{"background-color":"var(--ast-global-color-5)","background-image":"","background-repeat":"repeat","background-position":"center center","background-size":"auto","background-attachment":"scroll","background-type":"","background-media":"","overlay-type":"","overlay-color":"","overlay-opacity":"","overlay-gradient":""},"tablet":{"background-color":"","background-image":"","background-repeat":"repeat","background-position":"center center","background-size":"auto","background-attachment":"scroll","background-type":"","background-media":"","overlay-type":"","overlay-color":"","overlay-opacity":"","overlay-gradient":""},"mobile":{"background-color":"","background-image":"","background-repeat":"repeat","background-position":"center center","background-size":"auto","background-attachment":"scroll","background-type":"","background-media":"","overlay-type":"","overlay-color":"","overlay-opacity":"","overlay-gradient":""}},"ast-content-background-meta":{"desktop":{"background-color":"var(--ast-global-color-4)","background-image":"","background-repeat":"repeat","background-position":"center center","background-size":"auto","background-attachment":"scroll","background-type":"","background-media":"","overlay-type":"","overlay-color":"","overlay-opacity":"","overlay-gradient":""},"tablet":{"background-color":"var(--ast-global-color-4)","background-image":"","background-repeat":"repeat","background-position":"center center","background-size":"auto","background-attachment":"scroll","background-type":"","background-media":"","overlay-type":"","overlay-color":"","overlay-opacity":"","overlay-gradient":""},"mobile":{"background-color":"var(--ast-global-color-4)","background-image":"","background-repeat":"repeat","background-position":"center center","background-size":"auto","background-attachment":"scroll","background-type":"","background-media":"","overlay-type":"","overlay-color":"","overlay-opacity":"","overlay-gradient":""}}},"product_brand":[],"product_cat":[18,29,30],"product_tag":[],"class_list":{"0":"post-1031","1":"product","2":"type-product","3":"status-publish","4":"has-post-thumbnail","6":"product_cat-fri-nedladdning","7":"product_cat-militarhistorisk-tidskrift","8":"product_cat-tidskrifter","9":"product_shipping_class-latt","10":"desktop-align-center","11":"tablet-align-left","12":"mobile-align-left","14":"first","15":"instock","16":"taxable","17":"shipping-taxable","18":"product-type-simple"},"_links":{"self":[{"href":"https:\/\/kkrva.se\/bookstore\/wp-json\/wp\/v2\/product\/1031","targetHints":{"allow":["GET"]}}],"collection":[{"href":"https:\/\/kkrva.se\/bookstore\/wp-json\/wp\/v2\/product"}],"about":[{"href":"https:\/\/kkrva.se\/bookstore\/wp-json\/wp\/v2\/types\/product"}],"wp:featuredmedia":[{"embeddable":true,"href":"https:\/\/kkrva.se\/bookstore\/wp-json\/wp\/v2\/media\/1032"}],"wp:attachment":[{"href":"https:\/\/kkrva.se\/bookstore\/wp-json\/wp\/v2\/media?parent=1031"}],"wp:term":[{"taxonomy":"product_brand","embeddable":true,"href":"https:\/\/kkrva.se\/bookstore\/wp-json\/wp\/v2\/product_brand?post=1031"},{"taxonomy":"product_cat","embeddable":true,"href":"https:\/\/kkrva.se\/bookstore\/wp-json\/wp\/v2\/product_cat?post=1031"},{"taxonomy":"product_tag","embeddable":true,"href":"https:\/\/kkrva.se\/bookstore\/wp-json\/wp\/v2\/product_tag?post=1031"}],"curies":[{"name":"wp","href":"https:\/\/api.w.org\/{rel}","templated":true}]}}